6
Calculate the remainder when 2678 is divided by 204.
26
Calculate the remainder when 57266 is divided by 5722.
46
Calculate the remainder when 6789 is divided by 398.
23
What is the remainder when 68964 is divided by 135?
114
Calculate the remainder when 3520 is divided by 220.
0
What is the remainder when 1876 is divided by 612?
40
Calculate the remainder when 25193 is divided by 221.
220
What is the remainder when 2826 is divided by 39?
18
What is the remainder when 95011 is divided by 13?
7
What is the remainder when 17120 is divided by 65?
25
What is the remainder when 5077 is divided by 1238?
125
What is the remainder when 22239 is divided by 537?
222
Calculate the remainder when 1106 is divided by 698.
408
Calculate the remainder when 54008 is divided by 30.
8
Calculate the remainder when 2309 is divided by 34.
31
What is the remainder when 480496 is divided by 84?
16
Calculate the remainder when 5948935 is divided by 1691.
1688
Calculate the remainder when 3499 is divided by 28.
27
What is the remainder when 12671 is divided by 12658?
13
Calculate the remainder when 357522 is divided by 71502.
12
Calculate the remainder when 23588 is divided by 171.
161
Calculate the remainder when 6493 is divided by 191.
190
Calculate the remainder when 15458 is divided by 772.
18
What is the remainder when 14993 is divided by 406?
377
Calculate the remainder when 38704 is divided by 972.
796
Calculate the remainder when 513379 is divided by 4107.
4
Calculate the remainder when 639303 is divided by 1742.
1731
Calculate the remainder when 1374 is divided by 3.
0
Calculate the remainder when 327127 is divided by 699.
694
What is the remainder when 2647 is divided by 853?
88
Calculate the remainder when 113792 is divided by 174.
170
What is the remainder when 10468 is divided by 62?
52
Calculate the remainder when 1275 is divided by 792.
483
Calculate the remainder when 1886489 is divided by 17.
16
Calculate the remainder when 6289 is divided by 6177.
112
Calculate the remainder when 344345 is divided by 400.
345
Calculate the remainder when 92233 is divided by 30740.
13
Calculate the remainder when 335145 is divided by 259.
258
What is the remainder when 4220 is divided by 527?
4
What is the remainder when 9820 is divided by 45?
10
What is the remainder when 420513 is divided by 250?
13
What is the remainder when 59746 is divided by 776?
770
What is the remainder when 7649 is divided by 365?
349
What is the remainder when 51997 is divided by 16?
13
Calculate the remainder when 127003 is divided by 882.
877
What is the remainder when 419 is divided by 77?
34
Calculate the remainder when 1898 is divided by 624.
26
What is the remainder when 5507 is divided by 2724?
59
What is the remainder when 54972 is divided by 98?
92
Calculate the remainder when 48878 is divided by 627.
599
Calculate the remainder when 9711 is divided by 135.
126
Calculate the remainder when 33099 is divided by 16543.
13
Calculate the remainder when 16375 is divided by 38.
35
Calculate the remainder when 10909 is divided by 195.
184
What is the remainder when 51849 is divided by 17?
16
Calculate the remainder when 11297 is divided by 95.
87
What is the remainder when 14874886 is divided by 444?
442
Calculate the remainder when 79703 is divided by 972.
971
What is the remainder when 25323 is divided by 134?
131
What is the remainder when 507 is divided by 64?
59
What is the remainder when 878554 is divided by 7?
5
Calculate the remainder when 389693 is divided by 321.
320
What is the remainder when 10609 is divided by 8?
1
Calculate the remainder when 77646 is divided by 154.
30
What is the remainder when 14234 is divided by 4743?
5
What is the remainder when 65584 is divided by 27?
1
Calculate the remainder when 48207 is divided by 39.
3
What is the remainder when 1806 is divided by 1758?
48
Calculate the remainder when 29678 is divided by 237.
53
What is the remainder when 519452 is divided by 430?
12
Calculate the remainder when 686 is divided by 97.
7
Calculate the remainder when 12349 is divided by 59.
18
What is the remainder when 221967 is divided by 453?
450
Calculate the remainder when 7972 is divided by 137.
26
What is the remainder when 44798 is divided by 5594?
46
What is the remainder when 2201068 is divided by 71?
68
Calculate the remainder when 154844 is divided by 15482.
24
What is the remainder when 310547 is divided by 18?
11
What is the remainder when 17083 is divided by 30?
13
What is the remainder when 27965 is divided by 137?
17
Calculate the remainder when 15695 is divided by 341.
9
Calculate the remainder when 694 is divided by 335.
24
What is the remainder when 5644 is divided by 2812?
20
Calculate the remainder when 125392 is divided by 53.
47
Calculate the remainder when 2985 is divided by 6.
3
Calculate the remainder when 11221 is divided by 1598.
35
Calculate the remainder when 755679 is divided by 94459.
7
Calculate the remainder when 544352 is divided by 90722.
20
Calculate the remainder when 95222 is divided by 11897.
46
Calculate the remainder when 627955 is divided by 27.
16
What is the remainder when 193717 is divided by 29?
26
What is the remainder when 27303 is divided by 13639?
25
Calculate the remainder when 9459 is divided by 13.
8
Calculate the remainder when 28336 is divided by 249.
199
What is the remainder when 2611242 is divided by 65?
62
What is the remainder when 340519 is divided by 167?
6
Calculate the remainder when 3589 is divided by 25.
14
What is the remainder when 2678 is divided by 490?
228
What is the remainder when 5828 is divided by 139?
129
Calculate the remainder when 2768 is divided by 1605.
1163
What is the remainder when 6333 is divided by 6332?
1
Calculate the remainder when 25184 is divided by 44.
16
What is the remainder when 330455 is divided by 98?
97
What is the remainder when 55535 is divided by 156?
155
Calculate the remainder when 1388 is divided by 34.
28
Calculate the remainder when 30081 is divided by 436.
433
Calculate the remainder when 12055 is divided by 11279.
776
What is the remainder when 180553 is divided by 283?
282
Calculate the remainder when 1227 is divided by 430.
367
Calculate the remainder when 1577 is divided by 1538.
39
Calculate the remainder when 11272 is divided by 3476.
844
Calculate the remainder when 1538 is divided by 378.
26
What is the remainder when 662527 is divided by 115?
12
What is the remainder when 2334 is divided by 484?
398
What is the remainder when 2556 is divided by 20?
16
What is the remainder when 730 is divided by 161?
86
Calculate the remainder when 167290 is divided by 167265.
25
What is the remainder when 48895 is divided by 106?
29
Calculate the remainder when 16920 is divided by 1097.
465
What is the remainder when 197334 is divided by 206?
192
What is the remainder when 274562 is divided by 137276?
10
Calculate the remainder when 17165 is divided by 34.
29
What is the remainder when 3381 is divided by 231?
147
Calculate the remainder when 284529 is divided by 94.
85
What is the remainder when 32471 is divided by 36?
35
What is the remainder when 3352 is divided by 32?
24
What is the remainder when 2225 is divided by 63?
20
Calculate the remainder when 3964 is divided by 3760.
204
What is the remainder when 24728 is divided by 97?
90
Calculate the remainder when 66196 is divided by 51.
49
Calculate the remainder when 2008282 is divided by 137.
136
Calculate the remainder when 376859 is divided by 4009.
13
Calculate the remainder when 2577 is divided by 429.
3
What is the remainder when 18765 is divided by 397?
106
What is the remainder when 3422 is divided by 465?
167
What is the remainder when 6874 is divided by 61?
42
Calculate the remainder when 5003 is divided by 1368.
899
What is the remainder when 12724 is divided by 21?
19
What is the remainder when 2895 is divided by 260?
35
Calculate the remainder when 35551 is divided by 3231.
10
Calculate the remainder when 20400 is divided by 6799.
3
Calculate the remainder when 378062 is divided by 110.
102
What is the remainder when 7881 is divided by 45?
6
Calculate the remainder when 10792 is divided by 360.
352
What is the remainder when 415916 is divided by 5011?
3
Calculate the remainder when 25533 is divided